6847?
7, 11, 978011
What are the prime factors of 485562184?
2, 71, 181, 4723
What are the prime factors of 3028041408?
2, 3, 7, 101, 22307
What are the prime factors of 217546840?
2, 5, 7, 31, 71, 353
List the prime factors of 861889576.
2, 331, 325487
List the prime factors of 111832315.
5, 7, 37, 86357
What are the prime factors of 506982641?
11, 46089331
What are the prime factors of 1902036588?
2, 3, 241, 2729
List the prime factors of 57075105.
3, 5, 647, 5881
What are the prime factors of 3062031?
3, 7, 139, 1049
What are the prime factors of 19077530?
2, 5, 131, 14563
List the prime factors of 46135876.
2, 19, 59, 10289
List the prime factors of 174892941.
3, 199, 97651
What are the prime factors of 14278574?
2, 7139287
List the prime factors of 38642899.
163, 237073
What are the prime factors of 207912112?
2, 12994507
List the prime factors of 6666585.
3, 5, 223, 1993
List the prime factors of 14230494.
2, 3, 790583
What are the prime factors of 1901743829?
1901743829
What are the prime factors of 9613149?
3, 7, 13, 23, 1531
List the prime factors of 44913019.
61, 736279
What are the prime factors of 1229711738?
2, 379, 1622311
What are the prime factors of 6189949895?
5, 59, 20982881
What are the prime factors of 20000230?
2, 5, 157, 12739
List the prime factors of 19394435.
5, 41, 89, 1063
What are the prime factors of 140340908?
2, 599, 58573
List the prime factors of 106151802.
2, 3, 17691967
What are the prime factors of 290308459?
7, 31, 197, 6791
What are the prime factors of 110198706?
2, 3, 1187, 15473
List the prime factors of 123322685.
5, 59, 418043
List the prime factors of 123846479.
17, 103, 70729
What are the prime factors of 4046890?
2, 5, 499, 811
What are the prime factors of 418975617?
3, 43, 83, 109, 359
List the prime factors of 926180761.
11, 59, 1427089
List the prime factors of 193518401.
19, 41, 73, 83
List the prime factors of 322728844.
2, 127, 635293
List the prime factors of 1177382.
2, 479, 1229
What are the prime factors of 442361406?
2, 3, 73726901
What are the prime factors of 76786672?
2, 641, 7487
List the prime factors of 110223152.
2, 13, 40763
What are the prime factors of 33524730?
2, 3, 5, 372497
What are the prime factors of 126634753?
7, 19, 952141
What are the prime factors of 48934079?
48934079
What are the prime factors of 645668871?
3, 215222957
List the prime factors of 310509977.
397, 782141
List the prime factors of 1876558268.
2, 13, 641, 56299
What are the prime factors of 3566803356?
2, 3, 271, 121867
List the prime factors of 121617785.
5, 3361, 7237
What are the prime factors of 47529369?
3, 83, 127, 167
What are the prime factors of 365170312?
2, 13, 1229, 2857
What are the prime factors of 69270758?
2, 34635379
What are the prime factors of 667276247?
11, 71, 854387
List the prime factors of 51687577.
73, 708049
What are the prime factors of 477633678?
2, 3, 31, 2567923
List the prime factors of 193871339.
193871339
List the prime factors of 5025581298.
2, 3, 279198961
List the prime factors of 216776851.
383, 565997
What are the prime factors of 514638494?
2, 257319247
What are the prime factors of 10058805?
3, 5, 223529
List the prime factors of 149698063.
97, 1543279
List the prime factors of 114950657.
61, 1884437
What are the prime factors of 394747354?
2, 73, 307, 8807
What are the prime factors of 120025622?
2, 19, 3158569
What are the prime factors of 12711307?
7, 67, 27103
List the prime factors of 63485143.
63485143
List the prime factors of 746024503.
7, 509, 209381
List the prime factors of 254323017.
3, 13, 724567
What are the prime factors of 1695251170?
2, 5, 1009, 168013
List the prime factors of 279005999.
279005999
What are the prime factors of 499197149?
11, 239, 189881
List the prime factors of 3484725662.
2, 11, 2269, 69809
List the prime factors of 120490869.
3, 127, 229, 1381
What are the prime factors of 5169077545?
5, 17, 53, 1147409
What are the prime factors of 39652625?
5, 149, 2129
List the prime factors of 10362812.
2, 37, 70019
What are the prime factors of 4734230410?
2, 5, 7, 13, 31, 257, 653
What are the prime factors of 108525728?
2, 307, 11047
What are the prime factors of 177793622?
2, 88896811
List the prime factors of 1707682751.
1707682751
What are the prime factors of 151312839?
3, 50437613
What are the prime factors of 246920824?
2, 23, 173, 7757
What are the prime factors of 949052356?
2, 7, 19, 1783933
List the prime factors of 388220322.
2, 3, 7, 9243341
What are the prime factors of 565527368?
2, 7, 10098703
List the prime factors of 21248946.
2, 3, 17, 79, 293
List the prime factors of 1481674507.
181, 241, 33967
What are the prime factors of 3826577795?
5, 397, 811, 2377
List the prime factors of 606294687.
3, 743, 272003
What are the prime factors of 525176276?
2, 419, 313351
What are the prime factors of 615005831?
11, 131, 173, 2467
List the prime factors of 23252416.
2, 11, 33029
List the prime factors of 1081013764.
2, 15451, 17491
List the prime factors of 60298617.
3, 23, 139, 6287
List the prime factors of 293423876.
2, 17, 4315057
List the prime factors of 63289171.
11, 19, 27529
List the prime factors of 368955063.
3, 17, 2411471
List the prime factors of 43856125.
5, 97, 3617
What are the prime factors of 307659451?
11, 509, 54949
What are the prime factors of 88016103?
3, 7, 199583
List the prime factors of 1539015553.
31, 1601473
What are the prime factors of 78042015?
3, 5, 293, 1973
What are the prime factors of 81902191?
7, 11700313
What are the prime factors of 1236434968?
2, 154554371
What are the prime factors of 346276266?
2, 3, 7, 37, 443, 503
List the prime factors of 793388645.
5, 7, 163, 19867
List the prime factors of 4310352068.
2, 11, 97962547
List the prime factors of 7755316.
2, 1938829
List the prime factors of 2581048128.
2, 3, 13442959
What are the prime factors of 9110351483?
59, 139, 197, 5639
What are the prime factors of 180978622?
2, 11, 103, 79867
What are the prime factors of 922041618?
2, 3, 23, 31, 215531
What are the prime factors of 106711552?
2, 37, 43, 131
List the prime factors of 128144008.
2, 16018001
What are the prime factors of 294364336?
2, 7, 131, 20063
List the prime factors of 1031655264.
2, 3, 47, 228647
List the prime factors of 878833551.
3, 199, 1472083
What are the prime factors of 16400967?
3, 11, 496999
What are the prime factors of 3448046814?
2, 3, 29, 73, 353, 769
List the prime factors of 6790349082.
2, 3, 11, 53, 587, 3307
What are the prime factors of 146980378?
2, 6337, 11597
What are the prime factors of 3804191693?
3804191693
What are the prime factors of 89447985?
3, 5, 11, 137, 1319
List the prime factors of 2578610529.
3, 11, 2657, 9803
List the prime factors of 182311959.
3, 43, 1413271
List the prime factors of 13097915.
5, 547, 4789
List the prime factors of 24925556.
2, 1459, 4271
What are the prime factors of 407306124?
2, 3, 523, 7211
What are the prime factors of 686710498?
2, 343355249
List the prime factors of 2160829573.
7, 229, 367, 3673
What are the prime factors of 1363484740?
2, 5, 68174237
What are the prime factors of 187524728?
2, 547, 42853
List the prime factors of 69673761.
3, 1097, 7057
List the prime factors of 66486943.
349, 190507
What are the prime factors of 40332136?
2, 13, 19, 20411
List the prime factors of 4037456116.
2, 3929, 256901
List the prime factors of 1600361261.
73, 101, 217057
List the prime factors of 290118220.
2, 5, 7, 19, 15581
List the prime factors of 4539534935.
5, 13, 367, 190297
What are the prime factors of 2115230431?
509, 4155659
List the prime factors of 784003909.
13, 17, 3547529
What are the prime factors of 6426961679?
19, 37, 149, 61357
List the prime factors of 159860560.
2, 5, 1998257
List the prime factors of 69109453.
7, 1410397
What are the prime factors of 67808327?
5153, 13159
What are the prime factors of 946907053?
946907053
List the prime factors of 227771166.
2, 3, 7, 5423123
What are the prime factors of 3098198569?
433, 7155193
List the prime factors of 53895727.
43, 257, 4877
List the prime factors of 35843.
73, 491
List the prime factors of 360913874.
2, 29, 71, 87643
What are the prime factors of 868149582?
2, 3, 23, 449, 14011
List the prime factors of 21285909.
3, 19, 13831
List t